
-8
What is 101 (base 3) in base 9?
11
Convert 1 (base 6) to base 3.
1
What is 10 (base 2) in base 3?
2
Convert -193 (base 12) to base 13.
-168
Convert 84 (base 11) to base 8.
134
Convert -1 (base 15) to base 7.
-1
21 (base 14) to base 5
104
What is -10 (base 4) in base 13?
-4
0 (base 4) to base 14
0
What is 49 (base 11) in base 2?
110101
What is 31 (base 4) in base 12?
11
What is 7 (base 10) in base 2?
111
0 (base 12) to base 15
0
31 (base 16) to base 13
3a
-28 (base 14) to base 3
-1100
-43 (base 5) to base 16
-17
-170 (base 8) to base 11
-aa
100011 (base 2) to base 4
203
2 (base 9) to base 5
2
Convert 4 (base 12) to base 11.
4
13 (base 6) to base 10
9
What is -1 (base 14) in base 3?
-1
4 (base 13) to base 16
4
What is 301 (base 4) in base 15?
34
Convert 10 (base 14) to base 5.
24
Convert -4 (base 13) to base 3.
-11
Convert 15c (base 15) to base 3.
102120
Convert 21 (base 11) to base 8.
27
Convert -2203 (base 4) to base 7.
-322
Convert 83 (base 9) to base 16.
4b
Convert -1 (base 12) to base 10.
-1
-10 (base 4) to base 2
-100
What is 2 (base 11) in base 3?
2
What is -a (base 12) in base 7?
-13
-36 (base 7) to base 6
-43
-c0 (base 13) to base 9
-183
Convert 2 (base 6) to base 4.
2
What is 5 (base 13) in base 7?
5
What is 3 (base 8) in base 4?
3
Convert -2 (base 6) to base 12.
-2
Convert -5 (base 9) to base 7.
-5
Convert -11 (base 16) to base 12.
-15
-1110100 (base 2) to base 5
-431
Convert 1001 (base 2) to base 6.
13
2 (base 3) to base 7
2
What is -1b (base 13) in base 10?
-24
What is -63 (base 12) in base 8?
-113
What is 3 (base 7) in base 3?
10
-3 (base 5) to base 12
-3
Convert -4 (base 8) to base 3.
-11
-9 (base 11) to base 5
-14
What is 1251 (base 6) in base 15?
164
Convert -144 (base 5) to base 16.
-31
Convert 13 (base 4) to base 13.
7
-a4 (base 14) to base 8
-220
Convert 43 (base 13) to base 2.
110111
What is -1011 (base 2) in base 16?
-b
What is 43 (base 15) in base 6?
143
What is -b (base 14) in base 13?
-b
-335 (base 6) to base 8
-203
Convert 14 (base 16) to base 7.
26
Convert 1000111 (base 2) to base 5.
241
What is 0 (base 13) in base 5?
0
What is a (base 16) in base 12?
a
Convert 1 (base 10) to base 2.
1
Convert 268 (base 9) to base 7.
440
What is 4 (base 5) in base 8?
4
1b2 (base 14) to base 9
431
-10 (base 2) to base 10
-2
9 (base 11) to base 5
14
Convert 17 (base 8) to base 15.
10
What is -14 (base 5) in base 6?
-13
Convert -1 (base 10) to base 12.
-1
0 (base 6) to base 9
0
What is 107 (base 8) in base 4?
1013
What is 11 (base 7) in base 15?
8
Convert 27 (base 11) to base 16.
1d
Convert 11 (base 2) to base 7.
3
What is 102120 (base 3) in base 16?
138
-4 (base 16) to base 7
-4
What is 1 (base 9) in base 14?
1
-3 (base 15) to base 2
-11
Convert 0 (base 2) to base 14.
0
Convert 2 (base 15) to base 3.
2
What is -2201 (base 3) in base 15?
-4d
Convert -47 (base 9) to base 12.
-37
60 (base 10) to base 2
111100
1e (base 16) to base 2
11110
Convert 11 (base 5) to base 13.
6
What is 4 (base 14) in base 3?
11
Convert 2 (base 15) to base 11.
2
-7 (base 14) to base 5
-12
What is 8 (base 16) in base 10?
8
What is 10 (base 2) in base 3?
2
38 (base 12) to base 10
44
34 (base 12) to base 15
2a
-25 (base 16) to base 9
-41
What is 4 (base 8) in base 10?
4
Convert -9c (base 16) to base 2.
-10011100
What is 213 (base 4) in base 12?
33
Convert 0 (base 10) to base 11.
0
-3 (base 10) to base 3
-10
-6 (base 11) to base 6
-10
What is -3 (base 16) in base 3?
-10
What is -138 (base 9) in base 5?
-431
Convert -1001010 (base 2) to base 10.
-74
-20 (base 4) to base 12
-8
Convert 48 (base 11) to base 9.
57
Convert -7 (base 13) to base 4.
-13
What is 1 (base 9) in base 13?
1
-6 (base 7) to base 10
-6
-1210 (base 3) to base 14
-36
What is -4 (base 16) in base 15?
-4
Convert 14 (base 6) to base 14.
a
Convert -13 (base 6) to base 7.
-12
Convert 144 (base 16) to base 5.
2244
1e (base 16) to base 10
30
Convert -10 (base 6) to base 3.
-20
What is -14 (base 8) in base 5?
-22
What is 526 (base 7) in base 9?
324
What is -14 (base 6) in base 2?
-1010
Convert -16 (base 15) to base 2.
-10101
2b (base 14) to base 7
54
What is 2c (base 15) in base 14?
30
What is -4 (base 14) in base 16?
-4
3 (base 12) to base 7
3
Convert 61 (base 14) to base 11.
78
Convert 3 (base 6) to base 13.
3
-11110 (base 2) to base 15
-20
What is -13 (base 5) in base 12?
-8
What is 3 (base 11) in base 12?
3
9 (base 12) to base 4
21
Convert -201 (base 3) to base 15.
-14
Convert -32 (base 8) to base 4.
-122
-150 (base 8) to base 14
-76
What is 14 (base 5) in base 6?
13
What is -57 (base 16) in base 13?
-69
Convert -200 (base 3) to base 8.
-22
Convert -61 (base 8) to base 9.
-54
What is 261 (base 11) in base 9?
373
What is 51 (base 14) in base 15?
4b
What is -12 (base 4) in base 8?
-6
What is 16 (base 8) in base 12?
12
-5 (base 12) to base 13
-5
2 (base 3) to base 11
2
What is -53 (base 14) in base 10?
-73
22 (base 14) to base 6
50
Convert -203 (base 5) to base 10.
-53
3 (base 9) to base 11
3
Convert 103 (base 5) to base 6.
44
What is -2 (base 13) in base 14?
-2
Convert -20 (base 10) to base 2.
-10100
What is -10 (base 10) in base 13?
-a
10021 (base 3) to base 4
1120
-2 (base 3) to base 15
-2
-ab (base 14) to base 2
-10010111
Convert -1d8 (base 15) to base 6.
-1552
Convert -5 (base 10) to base 5.
-10
-3 (base 6) to base 11
-3
-1 (base 16) to base 13
-1
Convert -26 (base 15) to base 7.
-51
What is 143 (base 12) in base 10?
195
-210 (base 8) to base 9
-161
Convert 20 (base 14) to base 8.
34
-36 (base 9) to base 3
-1020
Convert 3 (base 16) to base 5.
3
-7 (base 10) to base 16
-7
What is 0 (base 6) in base 3?
0
What is -3 (base 9) in base 14?
-3
2 (base 13) to base 5
2
Convert 3 (base 7) to base 6.
3
-2 (base 9) to base 4
-2
Convert -321 (base 4) to base 3.
-2010
Convert 9 (base 13) to base 16.
9
Convert 13 (base 7) to base 16.
a
What is 20 (base 12) in base 2?
11000
-46 (base 12) to base 8
-66
Convert 2 (base 16) to base 8.
2
2 (base 4) to base 14
2
10 (base 3) to base 13
3
What is 44 (base 10) in base 13?
35
What is -46 (base 13) in base 7?
-112
Convert -10 (base 3) to base 14.
-3
-2 (base 9) to base 4
-2
Convert 0 (base 6) to base 2.
0
Convert 126 (base 10) to base 9.
150
Convert 10 (base 7) to base 3.
21
0 (base 4) to base 11
0
1141 (base 5) to base 4
2223
30 (base 6) to base 14
14
-10011110 (base 2) to base 15
-a8
What is 1 (base 3) in base 6?
1
7 (base 15) to base 4
13
What is 1041 (base 5) in base 7?
266
-d (base 15) to base 7
-16
Convert -61 (base 12) to base 11.
-67
-10111 (base 2) to base 10
-23
-22 (base 11) to base 10
-24
What is 142 (base 5) in base 2?
101111
Convert -97 (base 13) to base 6.
-324
Convert 20 (base 8) to base 3.
121
100 (base 2) to base 4
10
3 (base 8) to base 6
3
What is 73 (base 12) in base 15?
5c
What is -14 (base 7) in base 2?
-1011
6 (base 9) to base 15
6
What is 36 (base 12) in base 13?
33
-21 (base 7) to base 2
-1111
Convert 1 (base 6) to base 14.
1
What is 21 (base 3) in base 8?
7
What is -5 (base 6) in base 12?
-5
What is -5 (base 11) in base 4?
-11
8 (base 16) to base 2
1000
What is -1 (base 14) in base 8?
-1
What is 22 (base 8) in base 16?
12
6 (base 8) to base 12
6
3 (base 11) to base 13
3
14 (base 11) to base 16
f
-7 (base 9) to base 14
-7
What is 11 (base 3) in base 5?
4
Convert 63 (base 9) to base 13.
45
-2 (base 16) to base 7
-2
Convert -42 (base 9) to base 8.
-46
-5 (base 15) to base 2
-101
-10 (base 9) to base 5
-14
0 (base 9) to base 7
0
1 (base 8) to base 13
1
3 (base 10) to base 6
3
5a (base 11) to base 14
49
What is 104 (base 13) in base 9?
212
Convert -a (base 15) to base 14.
-a
1101 (base 2) to base 14
d
Convert -20 (base 3) to base 10.
-6
Convert -2 (base 3) to base 8.
-2
What is -1a4 (base 14) in base 9?
-417
-20 (base 4) to base 9
-8
1110 (base 3) to base 7
54
What is -11000 (base 2) in base 15?
-19
Convert 10 (base 5) to base 2.
101
Convert -5d (base 16) to base 8.
-135
Convert -7b (base 16) to base 5.
-443
What is -171 (base 11) in base 13?
-124
144 (base 11) to base 4
2221
Convert 3 (base 7) to base 14.
3
What is -1 (base 12) in base 15?
-1
-8 (base 14) to base 2
-1000
Convert -3d (base 14) to base 13.
-43
Convert 1441 (base 5) to base 14.
138
Convert 108 (base 11) to base 10.
129
Convert 28 (base 11) to base 15.
20
Convert -31 (base 6) to base 12.
